{"id":10,"date":"2026-03-12T16:17:33","date_gmt":"2026-03-12T16:17:33","guid":{"rendered":"https:\/\/6sinn.ch\/?page_id=10"},"modified":"2026-03-17T06:17:45","modified_gmt":"2026-03-17T05:17:45","slug":"agebot","status":"publish","type":"page","link":"https:\/\/6sinn.ch\/?page_id=10","title":{"rendered":"agebot"},"content":{"rendered":"\n<h2 class=\"wp-block-heading\">&nbsp;<\/h2>\n\n\n\n<h2 class=\"wp-block-heading\">Achtsami Ganzk\u00f6rpermassage<\/h2>\n\n\n\n<p><strong>45 Min \u2013 80 CHF<br>60 Min \u2013 120 CHF<br>75 Min \u2013 150 CHF<\/strong><\/p>\n\n\n\n<p>E ruhigi, bewussti Behandlig f\u00fcr Entspannig u meh K\u00f6rperwahrn\u00e4hmig.<br>Ideau, we du usem Autagsstress use wosch u wieder meh i Kontakt mit dir s\u00e4uber chunsch.<\/p>\n\n\n\n<p>Die Ganzk\u00f6rpermassage git dir e sichere Ruum zum Aacho u Loslah \u2013 klar, achtsam u ohni Druck.<\/p>\n\n\n\n<div class=\"wp-block-buttons is-layout-flex wp-block-buttons-is-layout-flex\">\n<div class=\"wp-block-button\"><a class=\"wp-block-button__link wp-element-button\" href=\"#popmake-61\">Terminafrag<\/a><\/div>\n<\/div>\n\n\n\n<h2 class=\"wp-block-heading\">&nbsp;Lomi Lomi Nui<\/h2>\n\n\n\n<p><strong>60 Min \u2013 140 CHF<br>90 Min \u2013 210 CHF<\/strong><\/p>\n\n\n\n<p>E fliessendi Ganzk\u00f6rpermassage us dr hawaiianische Tradition.<br>Mit lange, rhythmische Bewegige wird dr K\u00f6rper sanft i Bewegig bracht u cha Schritt f\u00fcr Schritt loslah.<\/p>\n\n\n\n<p>D achtsami Ber\u00fcehrige w\u00fcrke beruhigend uf s N\u00e4rvesyschtem u unterst\u00fctze t\u00fc\u00fcfi Entspannig, inneri Rueh und n\u00f6ii Energie.<\/p>\n\n\n\n<p>Das isch e Erfahrig f\u00fcr M\u00f6nsche, wo sich wieder meh wei sp\u00fchre u sech bewusst Zyt f\u00fcr sich s\u00e4uber n\u00e4h.<\/p>\n\n\n\n<div class=\"wp-block-buttons is-layout-flex wp-block-buttons-is-layout-flex\">\n<div class=\"wp-block-button\"><a class=\"wp-block-button__link wp-element-button\" href=\"#popmake-61\">Terminafrag<\/a><\/div>\n<\/div>\n\n\n\n<h2 class=\"wp-block-heading\">&nbsp;Intensiv-Session<\/h2>\n\n\n\n<p>90 min \u2013 180 CHF<br>120 min \u2013 230 CHF<br>180 min \u2013 300 CHF<\/p>\n\n\n\n<p>E vertiefte Ruum f\u00fcr K\u00f6rper- u Energiearbeit.<br>Atem, Ber\u00fcehrig u achtsami Wahrn\u00e4hmig verbinde sich zunere intensive Erfahrig.<\/p>\n\n\n\n<p>Mee Zit . Mee Ruum. Mee Pres\u00e4nz.<br>F\u00fcr die, wo sech bewusst e tieferi Erfahrig g\u00f6nne.<\/p>\n\n\n\n<p>Dr Intimbereich cha \u2013 we beidsitig stimmig \u2013 achtsam i d Energiearbeit ibezoge w\u00e4rde.<br>Mini Arbeit isch e bewussti Form vo K\u00f6rperarbeit u kei sexuelli Dienstleischtig.<\/p>\n\n\n\n<div class=\"wp-block-buttons is-layout-flex wp-block-buttons-is-layout-flex\">\n<div class=\"wp-block-button\"><a class=\"wp-block-button__link wp-element-button\" href=\"#popmake-61\">Terminafrag<\/a><\/div>\n<\/div>\n\n\n\n<p><\/p>\n","protected":false},"excerpt":{"rendered":"<p>&nbsp; Achtsami Ganzk\u00f6rpermassage 45 Min \u2013 80 CHF60 Min \u2013 120 CHF75 Min \u2013 150 CHF E ruhigi, bewussti Behandlig f\u00fcr Entspannig u meh K\u00f6rperwahrn\u00e4hmig.Ideau, we du usem Autagsstress use wosch u wieder meh i Kontakt mit dir s\u00e4uber chunsch. Die Ganzk\u00f6rpermassage git dir e sichere Ruum zum Aacho u Loslah \u2013 klar, achtsam u [&hellip;]<\/p>\n","protected":false},"author":1,"featured_media":0,"parent":0,"menu_order":0,"comment_status":"closed","ping_status":"closed","template":"","meta":{"footnotes":""},"class_list":["post-10","page","type-page","status-publish","hentry"],"_links":{"self":[{"href":"https:\/\/6sinn.ch\/index.php?rest_route=\/wp\/v2\/pages\/10","targetHints":{"allow":["GET"]}}],"collection":[{"href":"https:\/\/6sinn.ch\/index.php?rest_route=\/wp\/v2\/pages"}],"about":[{"href":"https:\/\/6sinn.ch\/index.php?rest_route=\/wp\/v2\/types\/page"}],"author":[{"embeddable":true,"href":"https:\/\/6sinn.ch\/index.php?rest_route=\/wp\/v2\/users\/1"}],"replies":[{"embeddable":true,"href":"https:\/\/6sinn.ch\/index.php?rest_route=%2Fwp%2Fv2%2Fcomments&post=10"}],"version-history":[{"count":16,"href":"https:\/\/6sinn.ch\/index.php?rest_route=\/wp\/v2\/pages\/10\/revisions"}],"predecessor-version":[{"id":102,"href":"https:\/\/6sinn.ch\/index.php?rest_route=\/wp\/v2\/pages\/10\/revisions\/102"}],"wp:attachment":[{"href":"https:\/\/6sinn.ch\/index.php?rest_route=%2Fwp%2Fv2%2Fmedia&parent=10"}],"curies":[{"name":"wp","href":"https:\/\/api.w.org\/{rel}","templated":true}]}}